{"id":10,"date":"2017-03-06T09:36:12","date_gmt":"2017-03-06T08:36:12","guid":{"rendered":"https:\/\/www.a-l-institut.fr\/?page_id=10"},"modified":"2026-01-30T11:29:31","modified_gmt":"2026-01-30T10:29:31","slug":"blog","status":"publish","type":"page","link":"https:\/\/www.a-l-institut.fr\/index.php\/blog\/","title":{"rendered":"Tarifs"},"content":{"rendered":"<p style=\"text-align: center;\"><span style=\"color: #c4709a;\"><strong>HAMMAM<\/strong><\/span><\/p>\n<p>Entr\u00e9e simple &#8230;&#8230;.18\u20ac<\/p>\n<p>Entr\u00e9e simple + savon noir + (gant kessa offert) &#8230;&#8230;.33\u20ac<\/p>\n<p>Entr\u00e9e + rituel au savon noir effectu\u00e9 par nos soins &#8230;&#8230;.43\u20ac<\/p>\n<p>Hammam 10 entr\u00e9es (non nominatif)&#8230;&#8230;. 160\u20ac<\/p>\n<p><em>\u00a0<\/em><\/p>\n<hr \/>\n<div class=\"csRow\">\n<div class=\"csColumn\" data-csstartpoint=\"516\" data-csendpoint=\"945\" data-cswidth=\"44.7%\" data-csid=\"4ddbbe64-11f6-bf9e-bf11-5a8f00193174\">\n<p style=\"text-align: center;\"><span style=\"color: #c4709a;\"><strong>MODELAGE<\/strong><\/span><\/p>\n<p>Modelage corps<\/p>\n<p style=\"padding-left: 40px;\">30 min&#8230;&#8230;.37\u20ac<br \/>\n45 min&#8230;&#8230;.52\u20ac<br \/>\n60 min&#8230;&#8230;. 68\u20ac<\/p>\n<p>Gommage corps (\u00e0 grains)&#8230;&#8230;.39\u20ac<img decoding=\"async\" src=\"https:\/\/www.a-l-institut.fr\/wp-content\/plugins\/advanced-wp-columns\/assets\/js\/plugins\/views\/img\/1x1-pixel.png\" \/><\/p>\n<p>Lomi lomi dur\u00e9e 60 minutes&#8230;&#8230;.88\u20ac<img decoding=\"async\" src=\"https:\/\/www.a-l-institut.fr\/wp-content\/plugins\/advanced-wp-columns\/assets\/js\/plugins\/views\/img\/1x1-pixel.png\" \/><\/p>\n<p>Hair spa &amp; massage&#8230;&#8230;.150\u20ac<img decoding=\"async\" src=\"https:\/\/www.a-l-institut.fr\/wp-content\/plugins\/advanced-wp-columns\/assets\/js\/plugins\/views\/img\/1x1-pixel.png\" \/><\/p>\n<p><em>Hair SPA d\u00e9tente, massage \u00e0 4 mains par des esth\u00e9ticiennes mains et pieds et coiffage inclus<\/em><\/p>\n<hr \/>\n<\/div>\n<\/div>\n<div class=\"csColumn\" data-csstartpoint=\"15\" data-csendpoint=\"446\" data-cswidth=\"44.9%\" data-csid=\"64270f42-0887-6836-905a-ac21308fef30\">\n<p style=\"text-align: center;\"><strong><span style=\"color: #c4709a;\">LES RITUELS<\/span><br \/>\n<\/strong><\/p>\n<\/div>\n<p><strong>Rituel du corps &#8230;&#8230;.84\u20ac<\/strong><br \/>\n<em>sans hammam, gommage \u00e0 grains, modelage 45 min<\/em><\/p>\n<p><strong>Rituel du hammam corps &#8230;&#8230;.89\u20ac<\/strong><br \/>\n<em>hammam, rituel du savon noir, modelage 45 min<\/em><\/p>\n<p><strong>Rituel du hammam visage &amp; corps &#8230;&#8230;. 156\u20ac<\/strong><br \/>\n<em>hammam, rituel du savon noir, modelage 45 min &amp; soin du visage adapt\u00e9 \u00e0 vos besoins<\/em><\/p>\n<p><img loading=\"lazy\" decoding=\"async\" class=\"alignnone size-full wp-image-230\" src=\"https:\/\/www.a-l-institut.fr\/wp-content\/uploads\/2017\/03\/18835763_1769970979960531_6373596884203045427_n.jpg\" alt=\"\" width=\"960\" height=\"960\" srcset=\"https:\/\/www.a-l-institut.fr\/wp-content\/uploads\/2017\/03\/18835763_1769970979960531_6373596884203045427_n.jpg 960w, https:\/\/www.a-l-institut.fr\/wp-content\/uploads\/2017\/03\/18835763_1769970979960531_6373596884203045427_n-150x150.jpg 150w, https:\/\/www.a-l-institut.fr\/wp-content\/uploads\/2017\/03\/18835763_1769970979960531_6373596884203045427_n-300x300.jpg 300w, https:\/\/www.a-l-institut.fr\/wp-content\/uploads\/2017\/03\/18835763_1769970979960531_6373596884203045427_n-768x768.jpg 768w, https:\/\/www.a-l-institut.fr\/wp-content\/uploads\/2017\/03\/18835763_1769970979960531_6373596884203045427_n-270x270.jpg 270w, https:\/\/www.a-l-institut.fr\/wp-content\/uploads\/2017\/03\/18835763_1769970979960531_6373596884203045427_n-80x80.jpg 80w\" sizes=\"auto, (max-width: 960px) 100vw, 960px\" \/><\/p>\n<p style=\"text-align: center;\"><img decoding=\"async\" class=\"aligncenter\" src=\"https:\/\/www.a-l-institut.fr\/wp-content\/plugins\/advanced-wp-columns\/assets\/js\/plugins\/views\/img\/1x1-pixel.png\" \/><\/p>\n<hr \/>\n<p style=\"text-align: center;\"><span style=\"color: #c4709a;\"><strong>\u00c9PILATION<\/strong><\/span><\/p>\n<div class=\"csRow\">\n<div class=\"csColumn\" data-csstartpoint=\"15\" data-csendpoint=\"456\" data-cswidth=\"45.9%\" data-csid=\"074c1ced-441e-2f98-b731-237f74e70f9a\">\n<p>Sourcils&#8230;&#8230;. 10\u20ac<br \/>\nSourcils <em>au fil<\/em>&#8230;&#8230;. 18\u20ac<br \/>\nL\u00e8vres&#8230;&#8230;. 9\u20ac<br \/>\nL\u00e8vres <em>au fil&#8230;&#8230;.<\/em> 18\u20ac<br \/>\nVisage&#8230;&#8230;. 20\u20ac<br \/>\nAisselles&#8230;&#8230;. 14\u20ac<br \/>\n\u00bd jambes&#8230;&#8230;. 21\u20ac<br \/>\nJambes compl\u00e8tes&#8230;&#8230;. 31\u20ac<br \/>\nMaillot classique&#8230;&#8230;. 14\u20ac<br \/>\nMaillot br\u00e9silien&#8230;&#8230;. 24\u20ac<br \/>\nMaillot int\u00e9gral&#8230;&#8230;. 30\u20ac<br \/>\nBras&#8230;&#8230;. 17\u20ac<br \/>\nDos&#8230;&#8230;. 26\u20ac<br \/>\nTorse&#8230;&#8230;. 26\u20ac<\/p>\n<hr \/>\n<p style=\"text-align: center;\"><strong><span style=\"color: #c4709a;\">MENUS <img decoding=\"async\" src=\"https:\/\/www.a-l-institut.fr\/wp-content\/plugins\/advanced-wp-columns\/assets\/js\/plugins\/views\/img\/1x1-pixel.png\" \/>\u00c9PILATION<\/span><br \/>\n<\/strong><\/p>\n<p>\u00bd jambes + maillot classique + aisselles &#8230;&#8230;. 45\u20ac<br \/>\n\u00bd jambes + maillot br\u00e9silien + aisselles &#8230;&#8230;. 55\u20ac<br \/>\n\u00bd jambes + maillot int\u00e9gral + aisselles &#8230;&#8230;. 59\u20ac<br \/>\nJambes + maillot classique + aisselles &#8230;&#8230;. 55\u20ac<br \/>\nJambes + maillot br\u00e9silien + aisselles &#8230;&#8230;. 59\u20ac<br \/>\nJambes + maillot int\u00e9gral + aisselles &#8230;&#8230;.69\u20ac<\/p>\n<hr \/>\n<p style=\"text-align: center;\"><img decoding=\"async\" class=\"aligncenter\" src=\"https:\/\/www.a-l-institut.fr\/wp-content\/plugins\/advanced-wp-columns\/assets\/js\/plugins\/views\/img\/1x1-pixel.png\" \/><span style=\"color: #c4709a;\"><strong>\u00c9PILATION D<img decoding=\"async\" src=\"https:\/\/www.a-l-institut.fr\/wp-content\/plugins\/advanced-wp-columns\/assets\/js\/plugins\/views\/img\/1x1-pixel.png\" \/>\u00c9FINITIVE \u00e0 la lumi\u00e8re puls\u00e9e<\/strong><\/span><\/p>\n<p><em>Adieu poils disgracieux avec le leader fran\u00e7ais Corpoderm !<\/em><\/p>\n<p>Prix d\u00e9gressif pour plusieurs zones :<br \/>\n&gt; -10% pour 2 zones &gt; -15% pour 3 zones &gt; -20% pour 4 zones<\/p>\n<p><strong>FEMME<\/strong><\/p>\n<p>Visage&#8230;&#8230;. 35\u20ac (s\u00e9ance )\u00a0\u00a0 \/ ou forfait 7 s\u00e9ances&#8230;&#8230;.210\u20ac*<br \/>\nAisselles&#8230;&#8230;. 45\u20ac (s\u00e9ance )\u00a0\u00a0 \/ ou forfait 7 s\u00e9ances&#8230;&#8230;.270\u20ac*<br \/>\nMaillot classique&#8230;&#8230;. 65\u20ac (s\u00e9ance )\u00a0\u00a0 \/ ou forfait 7 s\u00e9ances &#8230;&#8230;.390\u20ac*<br \/>\nMaillot br\u00e9silien&#8230;&#8230;. 100\u20ac (s\u00e9ance )\u00a0\u00a0 \/ ou forfait 7 s\u00e9ances &#8230;&#8230;.600\u20ac*<br \/>\nMaillot int\u00e9gral&#8230;&#8230;. 120\u20ac (s\u00e9ance )\u00a0\u00a0 \/ ou forfait 7 s\u00e9ances &#8230;&#8230;.720\u20ac*<br \/>\n1\/2 jambes&#8230;&#8230;. 130\u20ac (s\u00e9ance )\u00a0\u00a0 \/ ou forfait 7 s\u00e9ances&#8230;&#8230;.780\u20ac*<br \/>\nJambes compl\u00e8tes&#8230;&#8230;. 200\u20ac (s\u00e9ance )\u00a0\u00a0 \/ ou forfait 7 s\u00e9ances &#8230;&#8230;.1200\u20ac*<br \/>\nAvant bras&#8230;&#8230;. 80\u20ac (s\u00e9ance )\u00a0\u00a0 \/ ou forfait 7 s\u00e9ances &#8230;&#8230;.480\u20ac*<\/p>\n<p><em>*dont 1 s\u00e9ance offerte<\/em><\/p>\n<p><strong>HOMME<\/strong><\/p>\n<p>Dos&#8230;&#8230;. 140\u20ac (s\u00e9ance )\u00a0\u00a0 \/ ou forfait 7 s\u00e9ances &#8230;&#8230;.840\u20ac*<br \/>\nTorse&#8230;&#8230;. 140\u20ac (s\u00e9ance )\u00a0\u00a0 \/ ou forfait 7 s\u00e9ances &#8230;&#8230;.840\u20ac*<br \/>\nBarbe&#8230;&#8230;. 80\u20ac (s\u00e9ance )\u00a0\u00a0 \/ ou forfait 7 s\u00e9ances &#8230;&#8230;.480\u20ac*<\/p>\n<p><em>*dont 1 s\u00e9ance offerte<\/em><\/p>\n<hr \/>\n<p style=\"text-align: center;\"><span style=\"color: #c4709a;\"><strong>SOINS VISAGE<\/strong><\/span><\/p>\n<p><strong>Soin \u00c9QUILIBRE 50 min&#8230;&#8230;. 69\u20ac<\/strong><br \/>\nHydra \/ Sensi \/ Pure<\/p>\n<p><strong>Soin INTENSIVE MULTIPEEL 1h15&#8230;&#8230;. 92\u20ac<\/strong><br \/>\nHyaluronic \/ Spiruline\/ Vitamine C \/ Peeling<\/p>\n<p><strong>Soin EXCELLENCE JEUNESSE 1h30&#8230;&#8230;. 119\u20ac\u00a0<\/strong><br \/>\nActive-Repair \/ Esthe-Lift<\/p>\n<p><strong>Soin EXCELLENCE JEUNESSE 1h30&#8230;&#8230;. 129\u20ac<br \/>\n<\/strong>Lissant Excellage<strong><br \/>\n<\/strong><\/p>\n<hr \/>\n<p style=\"text-align: center;\"><span style=\"color: #c4709a;\"><strong>PHOTORAJEUNISSEMENT<\/strong><\/span><\/p>\n<p>\u00c9clat de la peau, t\u00e2ches pigmentaires, lissage des traits<\/p>\n<p style=\"padding-left: 40px;\">La s\u00e9ance&#8230;&#8230; 70\u20ac<br \/>\nForfait 5 s\u00e9ances + 1 s\u00e9ance offerte&#8230;&#8230; 350\u20ac<\/p>\n<hr \/>\n<p style=\"text-align: center;\"><span style=\"color: #c4709a;\"><strong>CILS<\/strong><\/span><\/p>\n<p>Teinture cils&#8230;&#8230; 22\u20ac<br \/>\nTeinture sourcils&#8230;&#8230; 14\u20ac<br \/>\nRehaussement + teinture + soin k\u00e9ratine&#8230;&#8230; 65\u20ac<\/p>\n<hr \/>\n<p style=\"text-align: center;\"><span style=\"color: #c4709a;\"><strong>MAQUILLAGE<\/strong><\/span><\/p>\n<p>Maquillage \/ mise en beaut\u00e9&#8230;&#8230; 35\u20ac<br \/>\nMaquillage mari\u00e9e ( avec 1 essai)&#8230;&#8230; 80\u20ac<\/p>\n<hr \/>\n<p style=\"text-align: center;\"><span style=\"color: #c4709a;\"><strong>MAINS &amp; PIEDS<\/strong><\/span><\/p>\n<div class=\"csColumn\" data-csstartpoint=\"15\" data-csendpoint=\"456\" data-cswidth=\"45.9%\" data-csid=\"074c1ced-441e-2f98-b731-237f74e70f9a\">Manucurie&#8230;&#8230; 30\u20ac<\/div>\n<div class=\"csColumn\" data-csstartpoint=\"15\" data-csendpoint=\"456\" data-cswidth=\"45.9%\" data-csid=\"074c1ced-441e-2f98-b731-237f74e70f9a\">Beaut\u00e9 des pieds&#8230;&#8230; 35\u20ac<br \/>\nManucurie et pose de vernis&#8230;&#8230; 40\u20ac<br \/>\nBeaut\u00e9 des pieds et pose de vernis&#8230;&#8230; 45\u20ac<\/div>\n<div data-csstartpoint=\"15\" data-csendpoint=\"456\" data-cswidth=\"45.9%\" data-csid=\"074c1ced-441e-2f98-b731-237f74e70f9a\">Vernis semi-permanent mains&#8230;&#8230; 38\u20ac<br \/>\nVernis semi-permanent pieds&#8230;&#8230; 43\u20ac<\/div>\n<div data-csstartpoint=\"15\" data-csendpoint=\"456\" data-cswidth=\"45.9%\" data-csid=\"074c1ced-441e-2f98-b731-237f74e70f9a\">Vernis semi-permanent renforc\u00e9&#8230;&#8230; 43\u20ac<br \/>\nVernis semi-permanent forfait mains &amp; pieds&#8230;&#8230; 70\u20ac<\/div>\n<div class=\"csColumn\" data-csstartpoint=\"15\" data-csendpoint=\"456\" data-cswidth=\"45.9%\" data-csid=\"074c1ced-441e-2f98-b731-237f74e70f9a\">D\u00e9coration d&rsquo;ongles&#8230;&#8230; 5\u20ac<\/div>\n<div data-csstartpoint=\"15\" data-csendpoint=\"456\" data-cswidth=\"45.9%\" data-csid=\"074c1ced-441e-2f98-b731-237f74e70f9a\">D\u00e9pose avec repose&#8230;&#8230; 8\u20ac<br \/>\nD\u00e9pose&#8230;&#8230; 15\u20ac<\/div>\n<div data-csstartpoint=\"15\" data-csendpoint=\"456\" data-cswidth=\"45.9%\" data-csid=\"074c1ced-441e-2f98-b731-237f74e70f9a\">\n<div class=\"csColumn\" data-csstartpoint=\"15\" data-csendpoint=\"456\" data-cswidth=\"45.9%\" data-csid=\"074c1ced-441e-2f98-b731-237f74e70f9a\">Remplissage&#8230;&#8230; 53\u20ac<br \/>\nPose de chablons&#8230;&#8230; 68\u20ac<br \/>\nCalluspeeling&#8230;&#8230; 40\u20ac<\/div>\n<\/div>\n<\/div>\n<div class=\"csColumn\" data-csstartpoint=\"15\" data-csendpoint=\"456\" data-cswidth=\"45.9%\" data-csid=\"074c1ced-441e-2f98-b731-237f74e70f9a\">\n<hr \/>\n<p style=\"text-align: center;\"><span style=\"color: #c4709a;\"><strong>LPG\u00ae ENDERMOLOGIE <\/strong><\/span><\/p>\n<p>1 s\u00e9ance&#8230;&#8230; 60\u20ac<br \/>\nCombinaison &#8230;&#8230; 15\u20ac<br \/>\nBilan &#8230;&#8230; 30\u20ac<br \/>\nLes 10 s\u00e9ances &#8230;&#8230; 540\u20ac \/570\u20ac<\/p>\n<\/div>\n<div class=\"csColumn\" data-csstartpoint=\"15\" data-csendpoint=\"456\" data-cswidth=\"45.9%\" data-csid=\"074c1ced-441e-2f98-b731-237f74e70f9a\"><em>9 s\u00e9ances + 1 s\u00e9ance offerte + bilan<\/em><br \/>\nLes 22 s\u00e9ances &#8230;&#8230; 1080\u20ac<\/div>\n<div class=\"csColumn\" data-csstartpoint=\"15\" data-csendpoint=\"456\" data-cswidth=\"45.9%\" data-csid=\"074c1ced-441e-2f98-b731-237f74e70f9a\"><em>18 s\u00e9ances + 4 s\u00e9ances offertes + bilan<\/em><\/div>\n<div data-csstartpoint=\"15\" data-csendpoint=\"456\" data-cswidth=\"45.9%\" data-csid=\"074c1ced-441e-2f98-b731-237f74e70f9a\"><\/div>\n<div data-csstartpoint=\"15\" data-csendpoint=\"456\" data-cswidth=\"45.9%\" data-csid=\"074c1ced-441e-2f98-b731-237f74e70f9a\">\n<hr \/>\n<\/div>\n<div class=\"csColumn\" style=\"text-align: center;\" data-csstartpoint=\"15\" data-csendpoint=\"456\" data-cswidth=\"45.9%\" data-csid=\"074c1ced-441e-2f98-b731-237f74e70f9a\"><span style=\"color: #c4709a;\"><strong>LPG\u00ae ENDERMOLOGIE VISAGE<\/strong><\/span><\/div>\n<div data-csstartpoint=\"15\" data-csendpoint=\"456\" data-cswidth=\"45.9%\" data-csid=\"074c1ced-441e-2f98-b731-237f74e70f9a\"><\/div>\n<div data-csstartpoint=\"15\" data-csendpoint=\"456\" data-cswidth=\"45.9%\" data-csid=\"074c1ced-441e-2f98-b731-237f74e70f9a\">\n<div class=\"csColumn\" data-csstartpoint=\"15\" data-csendpoint=\"456\" data-cswidth=\"45.9%\" data-csid=\"074c1ced-441e-2f98-b731-237f74e70f9a\">Soin sur mesure LPG 30 min&#8230;&#8230; 55\u20ac<\/div>\n<div class=\"csColumn\" data-csstartpoint=\"15\" data-csendpoint=\"456\" data-cswidth=\"45.9%\" data-csid=\"074c1ced-441e-2f98-b731-237f74e70f9a\"><em>antirides \/ fermet\u00e9 \/ drainant \/ peut-\u00eatre combin\u00e9 \u00e0 tout autre soin visage<\/em><\/p>\n<div class=\"csColumn\" data-csstartpoint=\"15\" data-csendpoint=\"456\" data-cswidth=\"45.9%\" data-csid=\"074c1ced-441e-2f98-b731-237f74e70f9a\">Soin zone cibl\u00e9e LPG 10 min&#8230;&#8230; 20\u20ac<\/div>\n<div class=\"csColumn\" data-csstartpoint=\"15\" data-csendpoint=\"456\" data-cswidth=\"45.9%\" data-csid=\"074c1ced-441e-2f98-b731-237f74e70f9a\"><em>cou \/ d\u00e9collet\u00e9 \/ joue \/ bouche \/ yeux \/ front \/ peut-\u00eatre combin\u00e9 \u00e0 tout autre soin visage<\/em><\/div>\n<\/div>\n<\/div>\n<div data-csstartpoint=\"15\" data-csendpoint=\"456\" data-cswidth=\"45.9%\" data-csid=\"074c1ced-441e-2f98-b731-237f74e70f9a\"><\/div>\n<div class=\"csColumn\" style=\"text-align: center;\" data-csstartpoint=\"15\" data-csendpoint=\"456\" data-cswidth=\"45.9%\" data-csid=\"074c1ced-441e-2f98-b731-237f74e70f9a\">\n<hr \/>\n<div class=\"csRow\">\n<div class=\"csColumn\" data-csstartpoint=\"15\" data-csendpoint=\"456\" data-cswidth=\"45.9%\" data-csid=\"074c1ced-441e-2f98-b731-237f74e70f9a\"><\/div>\n<div class=\"csColumn\" style=\"text-align: center;\" data-csstartpoint=\"15\" data-csendpoint=\"456\" data-cswidth=\"45.9%\" data-csid=\"074c1ced-441e-2f98-b731-237f74e70f9a\"><span style=\"color: #ff99cc;\"><strong>Nouveaut\u00e9 : Les menus !<\/strong><\/span><\/p>\n<p style=\"text-align: center;\">Nos nombreux menus vous permettent ainsi de b\u00e9n\u00e9ficier d\u2019un prix ajust\u00e9 et remis\u00e9 pour vous faire plaisir !<br \/>\n<strong>&gt; venez nous consulter<\/strong><\/p>\n<hr \/>\n<\/div>\n<\/div>\n<p style=\"text-align: center;\"><strong><span style=\"color: #c4709a;\">BONS CADEAUX<\/span><\/strong><\/p>\n<p style=\"text-align: center;\">A votre disposition pour toutes les occasions.<\/p>\n<p style=\"text-align: center;\">&gt; Facile, rapide et budget adapt\u00e9 !<\/p>\n<\/div>\n<\/div>\n","protected":false},"excerpt":{"rendered":"<p>HAMMAM Entr\u00e9e simple &#8230;&#8230;.18\u20ac Entr\u00e9e simple + savon noir + (gant kessa offert) &#8230;&#8230;.33\u20ac Entr\u00e9e + rituel au savon noir effectu\u00e9 par nos soins &#8230;&#8230;.43\u20ac Hammam 10 entr\u00e9es (non nominatif)&#8230;&#8230;. 160\u20ac \u00a0 MODELAGE Modelage corps 30 min&#8230;&#8230;.37\u20ac 45 min&#8230;&#8230;.52\u20ac 60 min&#8230;&#8230;. 68\u20ac Gommage corps (\u00e0 grains)&#8230;&#8230;.39\u20ac Lomi lomi dur\u00e9e 60 minutes&#8230;&#8230;.88\u20ac Hair spa &amp; massage&#8230;&#8230;.150\u20ac&hellip; <a class=\"more-link\" href=\"https:\/\/www.a-l-institut.fr\/index.php\/blog\/\">Lire plus <span class=\"screen-reader-text\">Tarifs<\/span><\/a><\/p>\n","protected":false},"author":1,"featured_media":14,"parent":0,"menu_order":0,"comment_status":"closed","ping_status":"closed","template":"","meta":{"footnotes":""},"class_list":["post-10","page","type-page","status-publish","has-post-thumbnail","hentry"],"_links":{"self":[{"href":"https:\/\/www.a-l-institut.fr\/index.php\/wp-json\/wp\/v2\/pages\/10","targetHints":{"allow":["GET"]}}],"collection":[{"href":"https:\/\/www.a-l-institut.fr\/index.php\/wp-json\/wp\/v2\/pages"}],"about":[{"href":"https:\/\/www.a-l-institut.fr\/index.php\/wp-json\/wp\/v2\/types\/page"}],"author":[{"embeddable":true,"href":"https:\/\/www.a-l-institut.fr\/index.php\/wp-json\/wp\/v2\/users\/1"}],"replies":[{"embeddable":true,"href":"https:\/\/www.a-l-institut.fr\/index.php\/wp-json\/wp\/v2\/comments?post=10"}],"version-history":[{"count":35,"href":"https:\/\/www.a-l-institut.fr\/index.php\/wp-json\/wp\/v2\/pages\/10\/revisions"}],"predecessor-version":[{"id":1151,"href":"https:\/\/www.a-l-institut.fr\/index.php\/wp-json\/wp\/v2\/pages\/10\/revisions\/1151"}],"wp:featuredmedia":[{"embeddable":true,"href":"https:\/\/www.a-l-institut.fr\/index.php\/wp-json\/wp\/v2\/media\/14"}],"wp:attachment":[{"href":"https:\/\/www.a-l-institut.fr\/index.php\/wp-json\/wp\/v2\/media?parent=10"}],"curies":[{"name":"wp","href":"https:\/\/api.w.org\/{rel}","templated":true}]}}